{"id":206,"date":"2023-03-03T09:28:17","date_gmt":"2023-03-03T09:28:17","guid":{"rendered":"https:\/\/demo.ucyirmiiki.com.tr\/?page_id=206"},"modified":"2023-03-03T09:54:36","modified_gmt":"2023-03-03T09:54:36","slug":"sertifikalar","status":"publish","type":"page","link":"https:\/\/demo.ucyirmiiki.com.tr\/?page_id=206","title":{"rendered":"Sertifikalar"},"content":{"rendered":"\t\t<div data-elementor-type=\"wp-page\" data-elementor-id=\"206\" class=\"elementor elementor-206\">\n\t\t\t\t<div class=\"elementor-element elementor-element-90af21a e-flex e-con-boxed lakit-col-width-auto-no e-container e-root-container elementor-top-section e-con e-parent\" data-id=\"90af21a\" data-element_type=\"container\">\n\t\t\t\t\t<div class=\"e-con-inner\">\n\t\t\t\t<div class=\"elementor-element elementor-element-00fbf20 elementor-widget elementor-widget-heading\" data-id=\"00fbf20\" data-element_type=\"widget\" data-widget_type=\"heading.default\">\n\t\t\t\t<div class=\"elementor-widget-container\">\n\t\t\t\t\t<h2 class=\"elementor-heading-title elementor-size-default\">25 y\u0131l \u00f6nce \u00e7\u0131kt\u0131\u011f\u0131m\u0131z enerji yolculu\u011fumuzda ayn\u0131 heyecan ve istekle yolumuza devam ediyoruz.\n\n<\/h2>\t\t\t\t<\/div>\n\t\t\t\t<\/div>\n\t\t\t\t\t<\/div>\n\t\t\t\t<\/div>\n\t\t<div class=\"elementor-element elementor-element-b09f4e4 e-flex e-con-boxed lakit-col-width-auto-no e-container e-root-container elementor-top-section e-con e-parent\" data-id=\"b09f4e4\" data-element_type=\"container\">\n\t\t\t\t\t<div class=\"e-con-inner\">\n\t\t\t\t<div class=\"elementor-element elementor-element-5760bc1 imagelayout-preset-default elementor-widget lastudio-kit elementor-lakit-images-layout\" data-id=\"5760bc1\" data-element_type=\"widget\" data-widget_type=\"lakit-images-layout.default\">\n\t\t\t\t\t\n<div class=\"lakit-images-layout layout-type-grid preset-default\" data-item_selector=\".lakit-images-layout__item\" >\n        <div class=\"lakit-images-layout__list_wrapper\">\n        <div class=\"lakit-images-layout__list col-row\">\n            <div class=\"lakit-images-layout__item  col-desk-4 col-mob-2 col-tabp-3 col-lap-4 col-tab-4\">\n\t<div class=\"lakit-images-layout__inner\">\n\t\t<div class=\"lakit-images-layout__link\">\n\t\t\t<div class=\"lakit-images-layout__image\"><img loading=\"lazy\" decoding=\"async\" src=\"https:\/\/demo.ucyirmiiki.com.tr\/wp-content\/uploads\/2023\/03\/YERLI-MALI-Yeni-belge-2022-08-17-16.12.27_page-0002-1.jpg\" loading=\"lazy\" class=\"lakit-images-layout__image-instance\" width=\"1240\" height=\"1755\" alt=\"\" style=\"--img-height:1755px\">\t\t\t<\/div>\n\t\t\t<div class=\"lakit-images-layout__content\"><\/div>\n\t\t<\/div>\n\t<\/div>\n<\/div><div class=\"lakit-images-layout__item  col-desk-4 col-mob-2 col-tabp-3 col-lap-4 col-tab-4\">\n\t<div class=\"lakit-images-layout__inner\">\n\t\t<div class=\"lakit-images-layout__link\">\n\t\t\t<div class=\"lakit-images-layout__image\"><img loading=\"lazy\" decoding=\"async\" src=\"https:\/\/demo.ucyirmiiki.com.tr\/wp-content\/uploads\/2023\/03\/YERLI-MALI-Yeni-belge-2022-08-17-16.12.27_page-0001-1.jpg\" loading=\"lazy\" class=\"lakit-images-layout__image-instance\" width=\"1240\" height=\"1755\" alt=\"\" style=\"--img-height:1755px\">\t\t\t<\/div>\n\t\t\t<div class=\"lakit-images-layout__content\"><\/div>\n\t\t<\/div>\n\t<\/div>\n<\/div><div class=\"lakit-images-layout__item  col-desk-4 col-mob-2 col-tabp-3 col-lap-4 col-tab-4\">\n\t<div class=\"lakit-images-layout__inner\">\n\t\t<div class=\"lakit-images-layout__link\">\n\t\t\t<div class=\"lakit-images-layout__image\"><img loading=\"lazy\" decoding=\"async\" src=\"https:\/\/demo.ucyirmiiki.com.tr\/wp-content\/uploads\/2023\/03\/SATIS-SONRASI-HIZMET-YETERLILIK-BELGESI.jpg\" loading=\"lazy\" class=\"lakit-images-layout__image-instance\" width=\"1000\" height=\"1415\" alt=\"\" style=\"--img-height:1415px\">\t\t\t<\/div>\n\t\t\t<div class=\"lakit-images-layout__content\"><\/div>\n\t\t<\/div>\n\t<\/div>\n<\/div><div class=\"lakit-images-layout__item  col-desk-4 col-mob-2 col-tabp-3 col-lap-4 col-tab-4\">\n\t<div class=\"lakit-images-layout__inner\">\n\t\t<div class=\"lakit-images-layout__link\">\n\t\t\t<div class=\"lakit-images-layout__image\"><img loading=\"lazy\" decoding=\"async\" src=\"https:\/\/demo.ucyirmiiki.com.tr\/wp-content\/uploads\/2023\/03\/ISO-BELGESI_-ISO-45001-2018_-19.01.2024_page-0001-min.jpg\" loading=\"lazy\" class=\"lakit-images-layout__image-instance\" width=\"1240\" height=\"1754\" alt=\"\" style=\"--img-height:1754px\">\t\t\t<\/div>\n\t\t\t<div class=\"lakit-images-layout__content\"><\/div>\n\t\t<\/div>\n\t<\/div>\n<\/div><div class=\"lakit-images-layout__item  col-desk-4 col-mob-2 col-tabp-3 col-lap-4 col-tab-4\">\n\t<div class=\"lakit-images-layout__inner\">\n\t\t<div class=\"lakit-images-layout__link\">\n\t\t\t<div class=\"lakit-images-layout__image\"><img loading=\"lazy\" decoding=\"async\" src=\"https:\/\/demo.ucyirmiiki.com.tr\/wp-content\/uploads\/2023\/03\/ISO-BELGESI_-ISO-14001-2015_-19.01.2024_page-0001-min.jpg\" loading=\"lazy\" class=\"lakit-images-layout__image-instance\" width=\"1240\" height=\"1754\" alt=\"\" style=\"--img-height:1754px\">\t\t\t<\/div>\n\t\t\t<div class=\"lakit-images-layout__content\"><\/div>\n\t\t<\/div>\n\t<\/div>\n<\/div><div class=\"lakit-images-layout__item  col-desk-4 col-mob-2 col-tabp-3 col-lap-4 col-tab-4\">\n\t<div class=\"lakit-images-layout__inner\">\n\t\t<div class=\"lakit-images-layout__link\">\n\t\t\t<div class=\"lakit-images-layout__image\"><img loading=\"lazy\" decoding=\"async\" src=\"https:\/\/demo.ucyirmiiki.com.tr\/wp-content\/uploads\/2023\/03\/ISO-BELGESI_-ISO-9001-2015_-19.01.2024_page-0001-min.jpg\" loading=\"lazy\" class=\"lakit-images-layout__image-instance\" width=\"1240\" height=\"1754\" alt=\"\" style=\"--img-height:1754px\">\t\t\t<\/div>\n\t\t\t<div class=\"lakit-images-layout__content\"><\/div>\n\t\t<\/div>\n\t<\/div>\n<\/div><div class=\"lakit-images-layout__item  col-desk-4 col-mob-2 col-tabp-3 col-lap-4 col-tab-4\">\n\t<div class=\"lakit-images-layout__inner\">\n\t\t<div class=\"lakit-images-layout__link\">\n\t\t\t<div class=\"lakit-images-layout__image\"><img loading=\"lazy\" decoding=\"async\" src=\"https:\/\/demo.ucyirmiiki.com.tr\/wp-content\/uploads\/2023\/03\/HIZMET-YETERLILIK-BELGESI_page-0001-min.jpg\" loading=\"lazy\" class=\"lakit-images-layout__image-instance\" width=\"1241\" height=\"1754\" alt=\"\" style=\"--img-height:1754px\">\t\t\t<\/div>\n\t\t\t<div class=\"lakit-images-layout__content\"><\/div>\n\t\t<\/div>\n\t<\/div>\n<\/div><div class=\"lakit-images-layout__item  col-desk-4 col-mob-2 col-tabp-3 col-lap-4 col-tab-4\">\n\t<div class=\"lakit-images-layout__inner\">\n\t\t<div class=\"lakit-images-layout__link\">\n\t\t\t<div class=\"lakit-images-layout__image\"><img loading=\"lazy\" decoding=\"async\" src=\"https:\/\/demo.ucyirmiiki.com.tr\/wp-content\/uploads\/2023\/03\/CE-SERTIFIKA_2021-2022-01.jpg\" loading=\"lazy\" class=\"lakit-images-layout__image-instance\" width=\"1000\" height=\"1414\" alt=\"\" style=\"--img-height:1414px\">\t\t\t<\/div>\n\t\t\t<div class=\"lakit-images-layout__content\"><\/div>\n\t\t<\/div>\n\t<\/div>\n<\/div><div class=\"lakit-images-layout__item  col-desk-4 col-mob-2 col-tabp-3 col-lap-4 col-tab-4\">\n\t<div class=\"lakit-images-layout__inner\">\n\t\t<div class=\"lakit-images-layout__link\">\n\t\t\t<div class=\"lakit-images-layout__image\"><img loading=\"lazy\" decoding=\"async\" src=\"https:\/\/demo.ucyirmiiki.com.tr\/wp-content\/uploads\/2023\/03\/CE-SERTIFIKA_2021-2022-2-02.jpg\" loading=\"lazy\" class=\"lakit-images-layout__image-instance\" width=\"1000\" height=\"1414\" alt=\"\" style=\"--img-height:1414px\">\t\t\t<\/div>\n\t\t\t<div class=\"lakit-images-layout__content\"><\/div>\n\t\t<\/div>\n\t<\/div>\n<\/div><div class=\"lakit-images-layout__item  col-desk-4 col-mob-2 col-tabp-3 col-lap-4 col-tab-4\">\n\t<div class=\"lakit-images-layout__inner\">\n\t\t<div class=\"lakit-images-layout__link\">\n\t\t\t<div class=\"lakit-images-layout__image\"><img loading=\"lazy\" decoding=\"async\" src=\"https:\/\/demo.ucyirmiiki.com.tr\/wp-content\/uploads\/2023\/03\/CE-Certificate_-IMC-JENERATOR_-2022-2023_page-0001.jpg\" loading=\"lazy\" class=\"lakit-images-layout__image-instance\" width=\"1234\" height=\"1746\" alt=\"\" style=\"--img-height:1746px\">\t\t\t<\/div>\n\t\t\t<div class=\"lakit-images-layout__content\"><\/div>\n\t\t<\/div>\n\t<\/div>\n<\/div><div class=\"lakit-images-layout__item  col-desk-4 col-mob-2 col-tabp-3 col-lap-4 col-tab-4\">\n\t<div class=\"lakit-images-layout__inner\">\n\t\t<div class=\"lakit-images-layout__link\">\n\t\t\t<div class=\"lakit-images-layout__image\"><img loading=\"lazy\" decoding=\"async\" src=\"https:\/\/demo.ucyirmiiki.com.tr\/wp-content\/uploads\/2023\/03\/CE-Certificate_-IMC-JENERATOR_-2022-2023_page-0002.jpg\" loading=\"lazy\" class=\"lakit-images-layout__image-instance\" width=\"1234\" height=\"1746\" alt=\"\" style=\"--img-height:1746px\">\t\t\t<\/div>\n\t\t\t<div class=\"lakit-images-layout__content\"><\/div>\n\t\t<\/div>\n\t<\/div>\n<\/div><div class=\"lakit-images-layout__item  col-desk-4 col-mob-2 col-tabp-3 col-lap-4 col-tab-4\">\n\t<div class=\"lakit-images-layout__inner\">\n\t\t<div class=\"lakit-images-layout__link\">\n\t\t\t<div class=\"lakit-images-layout__image\"><img loading=\"lazy\" decoding=\"async\" src=\"https:\/\/demo.ucyirmiiki.com.tr\/wp-content\/uploads\/2023\/03\/CE-Certificate_-IMC-JENERATOR_-2022-2023_page-0003.jpg\" loading=\"lazy\" class=\"lakit-images-layout__image-instance\" width=\"1234\" height=\"1746\" alt=\"\" style=\"--img-height:1746px\">\t\t\t<\/div>\n\t\t\t<div class=\"lakit-images-layout__content\"><\/div>\n\t\t<\/div>\n\t<\/div>\n<\/div><div class=\"lakit-images-layout__item  col-desk-4 col-mob-2 col-tabp-3 col-lap-4 col-tab-4\">\n\t<div class=\"lakit-images-layout__inner\">\n\t\t<div class=\"lakit-images-layout__link\">\n\t\t\t<div class=\"lakit-images-layout__image\"><img loading=\"lazy\" decoding=\"async\" src=\"https:\/\/demo.ucyirmiiki.com.tr\/wp-content\/uploads\/2023\/03\/TSE-BELGESI-170589-01-02-18.01.2024_page-0001-min.jpg\" loading=\"lazy\" class=\"lakit-images-layout__image-instance\" width=\"1240\" height=\"1753\" alt=\"\" style=\"--img-height:1753px\">\t\t\t<\/div>\n\t\t\t<div class=\"lakit-images-layout__content\"><\/div>\n\t\t<\/div>\n\t<\/div>\n<\/div><div class=\"lakit-images-layout__item  col-desk-4 col-mob-2 col-tabp-3 col-lap-4 col-tab-4\">\n\t<div class=\"lakit-images-layout__inner\">\n\t\t<div class=\"lakit-images-layout__link\">\n\t\t\t<div class=\"lakit-images-layout__image\"><img loading=\"lazy\" decoding=\"async\" src=\"https:\/\/demo.ucyirmiiki.com.tr\/wp-content\/uploads\/2023\/03\/TSE-BELGESI-170589-01-02-18.01.2024_page-0002-min.jpg\" loading=\"lazy\" class=\"lakit-images-layout__image-instance\" width=\"1240\" height=\"1753\" alt=\"\" style=\"--img-height:1753px\">\t\t\t<\/div>\n\t\t\t<div class=\"lakit-images-layout__content\"><\/div>\n\t\t<\/div>\n\t<\/div>\n<\/div><div class=\"lakit-images-layout__item  col-desk-4 col-mob-2 col-tabp-3 col-lap-4 col-tab-4\">\n\t<div class=\"lakit-images-layout__inner\">\n\t\t<div class=\"lakit-images-layout__link\">\n\t\t\t<div class=\"lakit-images-layout__image\"><img loading=\"lazy\" decoding=\"async\" src=\"https:\/\/demo.ucyirmiiki.com.tr\/wp-content\/uploads\/2023\/03\/TSE-BELGESI-170589-01-03-18.01.2023-1_page-0001-min.jpg\" loading=\"lazy\" class=\"lakit-images-layout__image-instance\" width=\"1240\" height=\"1755\" alt=\"\" style=\"--img-height:1755px\">\t\t\t<\/div>\n\t\t\t<div class=\"lakit-images-layout__content\"><\/div>\n\t\t<\/div>\n\t<\/div>\n<\/div><div class=\"lakit-images-layout__item  col-desk-4 col-mob-2 col-tabp-3 col-lap-4 col-tab-4\">\n\t<div class=\"lakit-images-layout__inner\">\n\t\t<div class=\"lakit-images-layout__link\">\n\t\t\t<div class=\"lakit-images-layout__image\"><img loading=\"lazy\" decoding=\"async\" src=\"https:\/\/demo.ucyirmiiki.com.tr\/wp-content\/uploads\/2023\/03\/TSE-BELGESI-170589-01-03-18.01.2023-1_page-0002-min.jpg\" loading=\"lazy\" class=\"lakit-images-layout__image-instance\" width=\"1240\" height=\"1755\" alt=\"\" style=\"--img-height:1755px\">\t\t\t<\/div>\n\t\t\t<div class=\"lakit-images-layout__content\"><\/div>\n\t\t<\/div>\n\t<\/div>\n<\/div><div class=\"lakit-images-layout__item  col-desk-4 col-mob-2 col-tabp-3 col-lap-4 col-tab-4\">\n\t<div class=\"lakit-images-layout__inner\">\n\t\t<div class=\"lakit-images-layout__link\">\n\t\t\t<div class=\"lakit-images-layout__image\"><img loading=\"lazy\" decoding=\"async\" src=\"https:\/\/demo.ucyirmiiki.com.tr\/wp-content\/uploads\/2023\/03\/TSE-BELGESI-170589-01-04-15.08.2023_page-0001-min.jpg\" loading=\"lazy\" class=\"lakit-images-layout__image-instance\" width=\"1240\" height=\"1753\" alt=\"\" style=\"--img-height:1753px\">\t\t\t<\/div>\n\t\t\t<div class=\"lakit-images-layout__content\"><\/div>\n\t\t<\/div>\n\t<\/div>\n<\/div><div class=\"lakit-images-layout__item  col-desk-4 col-mob-2 col-tabp-3 col-lap-4 col-tab-4\">\n\t<div class=\"lakit-images-layout__inner\">\n\t\t<div class=\"lakit-images-layout__link\">\n\t\t\t<div class=\"lakit-images-layout__image\"><img loading=\"lazy\" decoding=\"async\" src=\"https:\/\/demo.ucyirmiiki.com.tr\/wp-content\/uploads\/2023\/03\/TSE-BELGESI-170589-01-02-18.01.2024_page-0002-min.jpg\" loading=\"lazy\" class=\"lakit-images-layout__image-instance\" width=\"1240\" height=\"1753\" alt=\"\" style=\"--img-height:1753px\">\t\t\t<\/div>\n\t\t\t<div class=\"lakit-images-layout__content\"><\/div>\n\t\t<\/div>\n\t<\/div>\n<\/div><div class=\"lakit-images-layout__item  col-desk-4 col-mob-2 col-tabp-3 col-lap-4 col-tab-4\">\n\t<div class=\"lakit-images-layout__inner\">\n\t\t<div class=\"lakit-images-layout__link\">\n\t\t\t<div class=\"lakit-images-layout__image\"><img loading=\"lazy\" decoding=\"async\" src=\"https:\/\/demo.ucyirmiiki.com.tr\/wp-content\/uploads\/2023\/03\/TSE-BELGESI-170589-02-01-18.01.2023-1_page-0001-min.jpg\" loading=\"lazy\" class=\"lakit-images-layout__image-instance\" width=\"1240\" height=\"1753\" alt=\"\" style=\"--img-height:1753px\">\t\t\t<\/div>\n\t\t\t<div class=\"lakit-images-layout__content\"><\/div>\n\t\t<\/div>\n\t<\/div>\n<\/div><div class=\"lakit-images-layout__item  col-desk-4 col-mob-2 col-tabp-3 col-lap-4 col-tab-4\">\n\t<div class=\"lakit-images-layout__inner\">\n\t\t<div class=\"lakit-images-layout__link\">\n\t\t\t<div class=\"lakit-images-layout__image\"><img loading=\"lazy\" decoding=\"async\" src=\"https:\/\/demo.ucyirmiiki.com.tr\/wp-content\/uploads\/2023\/03\/TSE-BELGESI-170589-02-01-18.01.2023-1_page-0002-min.jpg\" loading=\"lazy\" class=\"lakit-images-layout__image-instance\" width=\"1240\" height=\"1753\" alt=\"\" style=\"--img-height:1753px\">\t\t\t<\/div>\n\t\t\t<div class=\"lakit-images-layout__content\"><\/div>\n\t\t<\/div>\n\t<\/div>\n<\/div>        <\/div>\n    <\/div>\n    <\/div>\t\t\t\t<\/div>\n\t\t\t\t\t<\/div>\n\t\t\t\t<\/div>\n\t\t\t\t<\/div>\n\t\t","protected":false},"excerpt":{"rendered":"<p>25 y\u0131l \u00f6nce \u00e7\u0131kt\u0131\u011f\u0131m\u0131z enerji yolculu\u011fumuzda ayn\u0131 heyecan ve istekle yolumuza devam ediyoruz.<\/p>\n","protected":false},"author":1,"featured_media":0,"parent":0,"menu_order":0,"comment_status":"closed","ping_status":"closed","template":"elementor_header_footer","meta":{"_acf_changed":false,"_joinchat":[],"footnotes":""},"class_list":["post-206","page","type-page","status-publish","hentry"],"acf":[],"yoast_head":"<!-- This site is optimized with the Yoast SEO plugin v23.7 - https:\/\/yoast.com\/wordpress\/plugins\/seo\/ -->\n<title>Sertifikalar | \u0130MC Generators<\/title>\n<meta name=\"description\" content=\"\u0130MC Generators | Sertifikalar | 25 y\u0131l \u00f6nce \u00e7\u0131kt\u0131\u011f\u0131m\u0131z enerji yolculu\u011fumuzda ayn\u0131 heyecan ve istekle yolumuza devam ediyoruz.\" \/>\n<meta name=\"robots\" content=\"index, follow, max-snippet:-1, max-image-preview:large, max-video-preview:-1\" \/>\n<link rel=\"canonical\" href=\"https:\/\/demo.ucyirmiiki.com.tr\/?page_id=206\" \/>\n<meta property=\"og:locale\" content=\"tr_TR\" \/>\n<meta property=\"og:type\" content=\"article\" \/>\n<meta property=\"og:title\" content=\"Sertifikalar | \u0130MC Generators\" \/>\n<meta property=\"og:description\" content=\"\u0130MC Generators | Sertifikalar | 25 y\u0131l \u00f6nce \u00e7\u0131kt\u0131\u011f\u0131m\u0131z enerji yolculu\u011fumuzda ayn\u0131 heyecan ve istekle yolumuza devam ediyoruz.\" \/>\n<meta property=\"og:url\" content=\"https:\/\/demo.ucyirmiiki.com.tr\/?page_id=206\" \/>\n<meta property=\"og:site_name\" content=\"\u0130MC Generators\" \/>\n<meta property=\"article:modified_time\" content=\"2023-03-03T09:54:36+00:00\" \/>\n<meta property=\"og:image\" content=\"https:\/\/demo.ucyirmiiki.com.tr\/wp-content\/uploads\/2023\/03\/YERLI-MALI-Yeni-belge-2022-08-17-16.12.27_page-0002-1.jpg\" \/>\n<meta name=\"twitter:card\" content=\"summary_large_image\" \/>\n<script type=\"application\/ld+json\" class=\"yoast-schema-graph\">{\"@context\":\"https:\/\/schema.org\",\"@graph\":[{\"@type\":\"WebPage\",\"@id\":\"https:\/\/demo.ucyirmiiki.com.tr\/?page_id=206\",\"url\":\"https:\/\/demo.ucyirmiiki.com.tr\/?page_id=206\",\"name\":\"Sertifikalar | \u0130MC Generators\",\"isPartOf\":{\"@id\":\"https:\/\/demo.ucyirmiiki.com.tr\/#website\"},\"primaryImageOfPage\":{\"@id\":\"https:\/\/demo.ucyirmiiki.com.tr\/?page_id=206#primaryimage\"},\"image\":{\"@id\":\"https:\/\/demo.ucyirmiiki.com.tr\/?page_id=206#primaryimage\"},\"thumbnailUrl\":\"https:\/\/demo.ucyirmiiki.com.tr\/wp-content\/uploads\/2023\/03\/YERLI-MALI-Yeni-belge-2022-08-17-16.12.27_page-0002-1.jpg\",\"datePublished\":\"2023-03-03T09:28:17+00:00\",\"dateModified\":\"2023-03-03T09:54:36+00:00\",\"description\":\"\u0130MC Generators | Sertifikalar | 25 y\u0131l \u00f6nce \u00e7\u0131kt\u0131\u011f\u0131m\u0131z enerji yolculu\u011fumuzda ayn\u0131 heyecan ve istekle yolumuza devam ediyoruz.\",\"breadcrumb\":{\"@id\":\"https:\/\/demo.ucyirmiiki.com.tr\/?page_id=206#breadcrumb\"},\"inLanguage\":\"tr\",\"potentialAction\":[{\"@type\":\"ReadAction\",\"target\":[\"https:\/\/demo.ucyirmiiki.com.tr\/?page_id=206\"]}]},{\"@type\":\"ImageObject\",\"inLanguage\":\"tr\",\"@id\":\"https:\/\/demo.ucyirmiiki.com.tr\/?page_id=206#primaryimage\",\"url\":\"https:\/\/demo.ucyirmiiki.com.tr\/wp-content\/uploads\/2023\/03\/YERLI-MALI-Yeni-belge-2022-08-17-16.12.27_page-0002-1.jpg\",\"contentUrl\":\"https:\/\/demo.ucyirmiiki.com.tr\/wp-content\/uploads\/2023\/03\/YERLI-MALI-Yeni-belge-2022-08-17-16.12.27_page-0002-1.jpg\",\"width\":1240,\"height\":1755},{\"@type\":\"BreadcrumbList\",\"@id\":\"https:\/\/demo.ucyirmiiki.com.tr\/?page_id=206#breadcrumb\",\"itemListElement\":[{\"@type\":\"ListItem\",\"position\":1,\"name\":\"Anasayfa\",\"item\":\"https:\/\/demo.ucyirmiiki.com.tr\/\"},{\"@type\":\"ListItem\",\"position\":2,\"name\":\"Sertifikalar\"}]},{\"@type\":\"WebSite\",\"@id\":\"https:\/\/demo.ucyirmiiki.com.tr\/#website\",\"url\":\"https:\/\/demo.ucyirmiiki.com.tr\/\",\"name\":\"\u0130MC Generators\",\"description\":\"Discover The Energy\",\"publisher\":{\"@id\":\"https:\/\/demo.ucyirmiiki.com.tr\/#organization\"},\"potentialAction\":[{\"@type\":\"SearchAction\",\"target\":{\"@type\":\"EntryPoint\",\"urlTemplate\":\"https:\/\/demo.ucyirmiiki.com.tr\/?s={search_term_string}\"},\"query-input\":{\"@type\":\"PropertyValueSpecification\",\"valueRequired\":true,\"valueName\":\"search_term_string\"}}],\"inLanguage\":\"tr\"},{\"@type\":\"Organization\",\"@id\":\"https:\/\/demo.ucyirmiiki.com.tr\/#organization\",\"name\":\"\u0130MC Generators\",\"url\":\"https:\/\/demo.ucyirmiiki.com.tr\/\",\"logo\":{\"@type\":\"ImageObject\",\"inLanguage\":\"tr\",\"@id\":\"https:\/\/demo.ucyirmiiki.com.tr\/#\/schema\/logo\/image\/\",\"url\":\"https:\/\/demo.ucyirmiiki.com.tr\/wp-content\/uploads\/2023\/03\/imclogo-1.png\",\"contentUrl\":\"https:\/\/demo.ucyirmiiki.com.tr\/wp-content\/uploads\/2023\/03\/imclogo-1.png\",\"width\":500,\"height\":319,\"caption\":\"\u0130MC Generators\"},\"image\":{\"@id\":\"https:\/\/demo.ucyirmiiki.com.tr\/#\/schema\/logo\/image\/\"}}]}<\/script>\n<!-- \/ Yoast SEO plugin. -->","yoast_head_json":{"title":"Sertifikalar | \u0130MC Generators","description":"\u0130MC Generators | Sertifikalar | 25 y\u0131l \u00f6nce \u00e7\u0131kt\u0131\u011f\u0131m\u0131z enerji yolculu\u011fumuzda ayn\u0131 heyecan ve istekle yolumuza devam ediyoruz.","robots":{"index":"index","follow":"follow","max-snippet":"max-snippet:-1","max-image-preview":"max-image-preview:large","max-video-preview":"max-video-preview:-1"},"canonical":"https:\/\/demo.ucyirmiiki.com.tr\/?page_id=206","og_locale":"tr_TR","og_type":"article","og_title":"Sertifikalar | \u0130MC Generators","og_description":"\u0130MC Generators | Sertifikalar | 25 y\u0131l \u00f6nce \u00e7\u0131kt\u0131\u011f\u0131m\u0131z enerji yolculu\u011fumuzda ayn\u0131 heyecan ve istekle yolumuza devam ediyoruz.","og_url":"https:\/\/demo.ucyirmiiki.com.tr\/?page_id=206","og_site_name":"\u0130MC Generators","article_modified_time":"2023-03-03T09:54:36+00:00","og_image":[{"url":"https:\/\/demo.ucyirmiiki.com.tr\/wp-content\/uploads\/2023\/03\/YERLI-MALI-Yeni-belge-2022-08-17-16.12.27_page-0002-1.jpg"}],"twitter_card":"summary_large_image","schema":{"@context":"https:\/\/schema.org","@graph":[{"@type":"WebPage","@id":"https:\/\/demo.ucyirmiiki.com.tr\/?page_id=206","url":"https:\/\/demo.ucyirmiiki.com.tr\/?page_id=206","name":"Sertifikalar | \u0130MC Generators","isPartOf":{"@id":"https:\/\/demo.ucyirmiiki.com.tr\/#website"},"primaryImageOfPage":{"@id":"https:\/\/demo.ucyirmiiki.com.tr\/?page_id=206#primaryimage"},"image":{"@id":"https:\/\/demo.ucyirmiiki.com.tr\/?page_id=206#primaryimage"},"thumbnailUrl":"https:\/\/demo.ucyirmiiki.com.tr\/wp-content\/uploads\/2023\/03\/YERLI-MALI-Yeni-belge-2022-08-17-16.12.27_page-0002-1.jpg","datePublished":"2023-03-03T09:28:17+00:00","dateModified":"2023-03-03T09:54:36+00:00","description":"\u0130MC Generators | Sertifikalar | 25 y\u0131l \u00f6nce \u00e7\u0131kt\u0131\u011f\u0131m\u0131z enerji yolculu\u011fumuzda ayn\u0131 heyecan ve istekle yolumuza devam ediyoruz.","breadcrumb":{"@id":"https:\/\/demo.ucyirmiiki.com.tr\/?page_id=206#breadcrumb"},"inLanguage":"tr","potentialAction":[{"@type":"ReadAction","target":["https:\/\/demo.ucyirmiiki.com.tr\/?page_id=206"]}]},{"@type":"ImageObject","inLanguage":"tr","@id":"https:\/\/demo.ucyirmiiki.com.tr\/?page_id=206#primaryimage","url":"https:\/\/demo.ucyirmiiki.com.tr\/wp-content\/uploads\/2023\/03\/YERLI-MALI-Yeni-belge-2022-08-17-16.12.27_page-0002-1.jpg","contentUrl":"https:\/\/demo.ucyirmiiki.com.tr\/wp-content\/uploads\/2023\/03\/YERLI-MALI-Yeni-belge-2022-08-17-16.12.27_page-0002-1.jpg","width":1240,"height":1755},{"@type":"BreadcrumbList","@id":"https:\/\/demo.ucyirmiiki.com.tr\/?page_id=206#breadcrumb","itemListElement":[{"@type":"ListItem","position":1,"name":"Anasayfa","item":"https:\/\/demo.ucyirmiiki.com.tr\/"},{"@type":"ListItem","position":2,"name":"Sertifikalar"}]},{"@type":"WebSite","@id":"https:\/\/demo.ucyirmiiki.com.tr\/#website","url":"https:\/\/demo.ucyirmiiki.com.tr\/","name":"\u0130MC Generators","description":"Discover The Energy","publisher":{"@id":"https:\/\/demo.ucyirmiiki.com.tr\/#organization"},"potentialAction":[{"@type":"SearchAction","target":{"@type":"EntryPoint","urlTemplate":"https:\/\/demo.ucyirmiiki.com.tr\/?s={search_term_string}"},"query-input":{"@type":"PropertyValueSpecification","valueRequired":true,"valueName":"search_term_string"}}],"inLanguage":"tr"},{"@type":"Organization","@id":"https:\/\/demo.ucyirmiiki.com.tr\/#organization","name":"\u0130MC Generators","url":"https:\/\/demo.ucyirmiiki.com.tr\/","logo":{"@type":"ImageObject","inLanguage":"tr","@id":"https:\/\/demo.ucyirmiiki.com.tr\/#\/schema\/logo\/image\/","url":"https:\/\/demo.ucyirmiiki.com.tr\/wp-content\/uploads\/2023\/03\/imclogo-1.png","contentUrl":"https:\/\/demo.ucyirmiiki.com.tr\/wp-content\/uploads\/2023\/03\/imclogo-1.png","width":500,"height":319,"caption":"\u0130MC Generators"},"image":{"@id":"https:\/\/demo.ucyirmiiki.com.tr\/#\/schema\/logo\/image\/"}}]}},"_hostinger_reach_plugin_has_subscription_block":false,"_hostinger_reach_plugin_is_elementor":false,"_links":{"self":[{"href":"https:\/\/demo.ucyirmiiki.com.tr\/index.php?rest_route=\/wp\/v2\/pages\/206","targetHints":{"allow":["GET"]}}],"collection":[{"href":"https:\/\/demo.ucyirmiiki.com.tr\/index.php?rest_route=\/wp\/v2\/pages"}],"about":[{"href":"https:\/\/demo.ucyirmiiki.com.tr\/index.php?rest_route=\/wp\/v2\/types\/page"}],"author":[{"embeddable":true,"href":"https:\/\/demo.ucyirmiiki.com.tr\/index.php?rest_route=\/wp\/v2\/users\/1"}],"replies":[{"embeddable":true,"href":"https:\/\/demo.ucyirmiiki.com.tr\/index.php?rest_route=%2Fwp%2Fv2%2Fcomments&post=206"}],"version-history":[{"count":13,"href":"https:\/\/demo.ucyirmiiki.com.tr\/index.php?rest_route=\/wp\/v2\/pages\/206\/revisions"}],"predecessor-version":[{"id":243,"href":"https:\/\/demo.ucyirmiiki.com.tr\/index.php?rest_route=\/wp\/v2\/pages\/206\/revisions\/243"}],"wp:attachment":[{"href":"https:\/\/demo.ucyirmiiki.com.tr\/index.php?rest_route=%2Fwp%2Fv2%2Fmedia&parent=206"}],"curies":[{"name":"wp","href":"https:\/\/api.w.org\/{rel}","templated":true}]}}